{"id":3,"date":"2025-12-03T15:20:58","date_gmt":"2025-12-03T14:20:58","guid":{"rendered":"http:\/\/localhost:8888\/comite-des-fetes\/?page_id=3"},"modified":"2025-12-10T16:58:04","modified_gmt":"2025-12-10T15:58:04","slug":"mentions-legales","status":"publish","type":"page","link":"https:\/\/comitedesfetesdelisieux.fr\/index.php\/mentions-legales\/","title":{"rendered":"Mentions L\u00e9gales"},"content":{"rendered":"\t\t<div data-elementor-type=\"wp-page\" data-elementor-id=\"3\" class=\"elementor elementor-3\">\n\t\t\t\t\t\t<section class=\"elementor-section elementor-top-section elementor-element elementor-element-4e32adaf elementor-section-boxed elementor-section-height-default elementor-section-height-default wpr-particle-no wpr-jarallax-no wpr-parallax-no wpr-sticky-section-no\" data-id=\"4e32adaf\" data-element_type=\"section\" data-e-type=\"section\" data-settings=\"{&quot;background_background&quot;:&quot;classic&quot;}\">\n\t\t\t\t\t\t\t<div class=\"elementor-background-overlay\"><\/div>\n\t\t\t\t\t\t\t<div class=\"elementor-container elementor-column-gap-no\">\n\t\t\t\t\t<div class=\"elementor-column elementor-col-100 elementor-top-column elementor-element elementor-element-795816fc\" data-id=\"795816fc\" data-element_type=\"column\" data-e-type=\"column\">\n\t\t\t<div class=\"elementor-widget-wrap elementor-element-populated\">\n\t\t\t\t\t\t<div class=\"elementor-element elementor-element-294b122e elementor-widget elementor-widget-heading\" data-id=\"294b122e\" data-element_type=\"widget\" data-e-type=\"widget\" data-widget_type=\"heading.default\">\n\t\t\t\t\t<h2 class=\"elementor-heading-title elementor-size-default\">Mentions l\u00e9gales<\/h2>\t\t\t\t<\/div>\n\t\t\t\t\t<\/div>\n\t\t<\/div>\n\t\t\t\t\t<\/div>\n\t\t<\/section>\n\t\t<div class=\"elementor-element elementor-element-656486fe e-flex e-con-boxed wpr-particle-no wpr-jarallax-no wpr-parallax-no wpr-sticky-section-no e-con e-parent\" data-id=\"656486fe\" data-element_type=\"container\" data-e-type=\"container\">\n\t\t\t\t\t<div class=\"e-con-inner\">\n\t\t\t\t<div class=\"elementor-element elementor-element-400cc22 elementor-widget elementor-widget-heading\" data-id=\"400cc22\" data-element_type=\"widget\" data-e-type=\"widget\" data-widget_type=\"heading.default\">\n\t\t\t\t\t<h2 class=\"elementor-heading-title elementor-size-default\">L'association<\/h2>\t\t\t\t<\/div>\n\t\t\t\t<div class=\"elementor-element elementor-element-91abdb4 elementor-widget elementor-widget-text-editor\" data-id=\"91abdb4\" data-element_type=\"widget\" data-e-type=\"widget\" data-widget_type=\"text-editor.default\">\n\t\t\t\t\t\t\t\t\t<p><strong>Date cr\u00e9ation entreprise :<\/strong>\u00a009-09-2020<br \/><strong>Forme juridique :<\/strong>\u00a0Association d\u00e9clar\u00e9e<br \/><strong>Noms commerciaux :<\/strong>\u00a0COMITE DES FETES DE LISIEUX<br \/><strong>Cat\u00e9gorie :<\/strong>\u00a0Sports et loisirs ( Autres activit\u00e9s r\u00e9cr\u00e9atives et de loisirs (9329Z) )<br \/><strong>Adresse postale :<\/strong>\u00a016 PL CLAUDE DEBUSSY 14100 LISIEUX<br \/><strong>Num\u00e9ro SIREN :<\/strong>\u00a0899837868<br \/><strong>Num\u00e9ro SIRET (si\u00e8ge) :<\/strong>\u00a089983786800012<br \/><strong>Num\u00e9ro RNA :<\/strong>\u00a0W143007434<br \/><strong>Date d\u2019enregistrement INSEE :<\/strong>\u00a0le 09-09-2020<br \/><strong>Pr\u00e9sident de l\u2019association :<\/strong>\u00a0Cl\u00e9ment MALINE ( 06 58 20 34 18 )<\/p>\t\t\t\t\t\t\t\t<\/div>\n\t\t\t\t<div class=\"elementor-element elementor-element-9f32ccc elementor-widget elementor-widget-heading\" data-id=\"9f32ccc\" data-element_type=\"widget\" data-e-type=\"widget\" data-widget_type=\"heading.default\">\n\t\t\t\t\t<h2 class=\"elementor-heading-title elementor-size-default\">H\u00e9bergement<\/h2>\t\t\t\t<\/div>\n\t\t\t\t<div class=\"elementor-element elementor-element-4db3662 elementor-widget elementor-widget-text-editor\" data-id=\"4db3662\" data-element_type=\"widget\" data-e-type=\"widget\" data-widget_type=\"text-editor.default\">\n\t\t\t\t\t\t\t\t\t<p>Le site web\u00a0<a href=\"https:\/\/comitedesfetesdelisieux.fr\/\">https:\/\/comitedesfetesdelisieux.fr<\/a>\u00a0est h\u00e9berg\u00e9 chez le fournisseur OVH CLOUD\u00a0<a href=\"https:\/\/www.ovhcloud.com\/fr\/\" target=\"_blank\" rel=\"noopener\">https:\/\/www.ovhcloud.com\/fr\/<\/a>\u00a0:<\/p>\n<p>SAS au capital de 10 069 020 \u20ac<br \/>RCS Lille M\u00e9tropole 424 761 419 00045<br \/>Code APE 2620Z<br \/>N\u00b0 TVA : FR 22 424 761 419<br \/>Si\u00e8ge social : 2 rue Kellermann \u2013 59100 Roubaix \u2013 France<\/p>\t\t\t\t\t\t\t\t<\/div>\n\t\t\t\t<div class=\"elementor-element elementor-element-7b0c6ce elementor-widget elementor-widget-heading\" data-id=\"7b0c6ce\" data-element_type=\"widget\" data-e-type=\"widget\" data-widget_type=\"heading.default\">\n\t\t\t\t\t<h2 class=\"elementor-heading-title elementor-size-default\">L'\u00e9diteur<\/h2>\t\t\t\t<\/div>\n\t\t\t\t<div class=\"elementor-element elementor-element-84c1b8a elementor-widget elementor-widget-text-editor\" data-id=\"84c1b8a\" data-element_type=\"widget\" data-e-type=\"widget\" data-widget_type=\"text-editor.default\">\n\t\t\t\t\t\t\t\t\t<p>Ce site web \u00e0 \u00e9t\u00e9 r\u00e9alis\u00e9 par l\u2019agence <a href=\"https:\/\/www.apostrophe-cie.fr\">Apostrophe &amp; Cie<\/a><br>Repr\u00e9sent\u00e9e par : B\u00e9reng\u00e8re Bressol-Lemoine \u2013 <a href=\"tel:0231620798\">02 31 62 07 98<\/a> \u2013 <a href=\"mailto:contact@apostrophe-cie.fr\">contact@apostrophe-cie.fr<\/a><br>Adresse : 6, rue du Paradis &#8211; 14100 Lisieux<br>N\u00b0 SIRET : 51755242800032<\/p><p>\n<\/p><center>( \u00a9 )<\/center>\t\t\t\t\t\t\t\t<\/div>\n\t\t\t\t\t<\/div>\n\t\t\t\t<\/div>\n\t\t\t\t<\/div>\n\t\t","protected":false},"excerpt":{"rendered":"<p>Mentions l\u00e9gales L&rsquo;association Date cr\u00e9ation entreprise :\u00a009-09-2020Forme juridique :\u00a0Association d\u00e9clar\u00e9eNoms commerciaux :\u00a0COMITE DES FETES DE LISIEUXCat\u00e9gorie :\u00a0Sports et loisirs ( Autres activit\u00e9s r\u00e9cr\u00e9atives et de loisirs (9329Z) )Adresse postale :\u00a016 PL CLAUDE DEBUSSY 14100 LISIEUXNum\u00e9ro SIREN :\u00a0899837868Num\u00e9ro SIRET (si\u00e8ge) :\u00a089983786800012Num\u00e9ro RNA :\u00a0W143007434Date d\u2019enregistrement INSEE :\u00a0le 09-09-2020Pr\u00e9sident de l\u2019association :\u00a0Cl\u00e9ment MALINE ( 06 58 20 34 18 ) H\u00e9bergement Le site web\u00a0https:\/\/comitedesfetesdelisieux.fr\u00a0est h\u00e9berg\u00e9 chez le fournisseur OVH CLOUD\u00a0https:\/\/www.ovhcloud.com\/fr\/\u00a0: SAS au capital de 10 069 020 \u20acRCS Lille M\u00e9tropole 424 761 419 00045Code APE 2620ZN\u00b0 TVA : FR 22 424 761 419Si\u00e8ge social : 2 rue Kellermann \u2013 59100 Roubaix \u2013 France L&rsquo;\u00e9diteur Ce site web \u00e0 \u00e9t\u00e9 r\u00e9alis\u00e9 par l\u2019agence Apostrophe &amp; CieRepr\u00e9sent\u00e9e par : B\u00e9reng\u00e8re Bressol-Lemoine \u2013 02 31 62 07 98 \u2013 contact@apostrophe-cie.frAdresse : 6, rue du Paradis &#8211; 14100 LisieuxN\u00b0 SIRET : 51755242800032 ( \u00a9 )<\/p>\n","protected":false},"author":1,"featured_media":0,"parent":0,"menu_order":0,"comment_status":"closed","ping_status":"closed","template":"","meta":{"_monsterinsights_skip_tracking":false,"_monsterinsights_sitenote_active":false,"_monsterinsights_sitenote_note":"","_monsterinsights_sitenote_category":0,"footnotes":""},"class_list":["post-3","page","type-page","status-publish","hentry"],"aioseo_notices":[],"_links":{"self":[{"href":"https:\/\/comitedesfetesdelisieux.fr\/index.php\/wp-json\/wp\/v2\/pages\/3","targetHints":{"allow":["GET"]}}],"collection":[{"href":"https:\/\/comitedesfetesdelisieux.fr\/index.php\/wp-json\/wp\/v2\/pages"}],"about":[{"href":"https:\/\/comitedesfetesdelisieux.fr\/index.php\/wp-json\/wp\/v2\/types\/page"}],"author":[{"embeddable":true,"href":"https:\/\/comitedesfetesdelisieux.fr\/index.php\/wp-json\/wp\/v2\/users\/1"}],"replies":[{"embeddable":true,"href":"https:\/\/comitedesfetesdelisieux.fr\/index.php\/wp-json\/wp\/v2\/comments?post=3"}],"version-history":[{"count":6,"href":"https:\/\/comitedesfetesdelisieux.fr\/index.php\/wp-json\/wp\/v2\/pages\/3\/revisions"}],"predecessor-version":[{"id":525,"href":"https:\/\/comitedesfetesdelisieux.fr\/index.php\/wp-json\/wp\/v2\/pages\/3\/revisions\/525"}],"wp:attachment":[{"href":"https:\/\/comitedesfetesdelisieux.fr\/index.php\/wp-json\/wp\/v2\/media?parent=3"}],"curies":[{"name":"wp","href":"https:\/\/api.w.org\/{rel}","templated":true}]}}