{"id":526,"date":"2025-12-09T17:50:34","date_gmt":"2025-12-09T16:50:34","guid":{"rendered":"http:\/\/localhost:8888\/comite-des-fetes\/?page_id=526"},"modified":"2025-12-10T17:05:56","modified_gmt":"2025-12-10T16:05:56","slug":"politique-de-confidentialite","status":"publish","type":"page","link":"https:\/\/comitedesfetesdelisieux.fr\/index.php\/politique-de-confidentialite\/","title":{"rendered":"Politique de confidentialit\u00e9"},"content":{"rendered":"\t\t<div data-elementor-type=\"wp-page\" data-elementor-id=\"526\" class=\"elementor elementor-526\">\n\t\t\t\t\t\t<section class=\"elementor-section elementor-top-section elementor-element elementor-element-4e32adaf elementor-section-boxed elementor-section-height-default elementor-section-height-default wpr-particle-no wpr-jarallax-no wpr-parallax-no wpr-sticky-section-no\" data-id=\"4e32adaf\" data-element_type=\"section\" data-e-type=\"section\" data-settings=\"{&quot;background_background&quot;:&quot;classic&quot;}\">\n\t\t\t\t\t\t\t<div class=\"elementor-background-overlay\"><\/div>\n\t\t\t\t\t\t\t<div class=\"elementor-container elementor-column-gap-no\">\n\t\t\t\t\t<div class=\"elementor-column elementor-col-100 elementor-top-column elementor-element elementor-element-795816fc\" data-id=\"795816fc\" data-element_type=\"column\" data-e-type=\"column\">\n\t\t\t<div class=\"elementor-widget-wrap elementor-element-populated\">\n\t\t\t\t\t\t<div class=\"elementor-element elementor-element-294b122e elementor-widget elementor-widget-heading\" data-id=\"294b122e\" data-element_type=\"widget\" data-e-type=\"widget\" data-widget_type=\"heading.default\">\n\t\t\t\t\t<h2 class=\"elementor-heading-title elementor-size-default\">Politique de confidentialit\u00e9<\/h2>\t\t\t\t<\/div>\n\t\t\t\t\t<\/div>\n\t\t<\/div>\n\t\t\t\t\t<\/div>\n\t\t<\/section>\n\t\t<div class=\"elementor-element elementor-element-656486fe e-flex e-con-boxed wpr-particle-no wpr-jarallax-no wpr-parallax-no wpr-sticky-section-no e-con e-parent\" data-id=\"656486fe\" data-element_type=\"container\" data-e-type=\"container\">\n\t\t\t\t\t<div class=\"e-con-inner\">\n\t\t\t\t<div class=\"elementor-element elementor-element-400cc22 elementor-widget elementor-widget-heading\" data-id=\"400cc22\" data-element_type=\"widget\" data-e-type=\"widget\" data-widget_type=\"heading.default\">\n\t\t\t\t\t<h2 class=\"elementor-heading-title elementor-size-default\">1. Introduction<\/h2>\t\t\t\t<\/div>\n\t\t\t\t<div class=\"elementor-element elementor-element-91abdb4 elementor-widget elementor-widget-text-editor\" data-id=\"91abdb4\" data-element_type=\"widget\" data-e-type=\"widget\" data-widget_type=\"text-editor.default\">\n\t\t\t\t\t\t\t\t\t<p>La pr\u00e9sente politique de confidentialit\u00e9 a pour objectif d\u2019expliquer quelles donn\u00e9es sont collect\u00e9es, dans quelles conditions et pour quelles finalit\u00e9s, lors de l\u2019utilisation du site <b>www.comitedesfetesdelisieux.fr<\/b>.<\/p><p>Le site ne d\u00e9pose aucun cookie \u00e0 des fins statistiques, commerciales ou publicitaires.<br \/>Aucune technologie de suivi n\u2019est utilis\u00e9e.<\/p>\t\t\t\t\t\t\t\t<\/div>\n\t\t\t\t<div class=\"elementor-element elementor-element-9f32ccc elementor-widget elementor-widget-heading\" data-id=\"9f32ccc\" data-element_type=\"widget\" data-e-type=\"widget\" data-widget_type=\"heading.default\">\n\t\t\t\t\t<h2 class=\"elementor-heading-title elementor-size-default\">2. Donn\u00e9es collect\u00e9es<\/h2>\t\t\t\t<\/div>\n\t\t\t\t<div class=\"elementor-element elementor-element-4db3662 elementor-widget elementor-widget-text-editor\" data-id=\"4db3662\" data-element_type=\"widget\" data-e-type=\"widget\" data-widget_type=\"text-editor.default\">\n\t\t\t\t\t\t\t\t\t<p class=\"p1\">Le site propose un <span class=\"s1\"><b>formulaire de contact<\/b><\/span> permettant \u00e0 l\u2019utilisateur d\u2019envoyer un message.<\/p><p class=\"p1\">L\u2019utilisation de ce formulaire implique la transmission volontaire des donn\u00e9es suivantes :<\/p><ul><li><p class=\"p1\">Nom<\/p><\/li><li><p class=\"p1\">Adresse email<\/p><\/li><li><p class=\"p1\">Message transmis<\/p><\/li><li><p class=\"p1\">\u00c9ventuelle information suppl\u00e9mentaire fournie par l\u2019utilisateur<\/p><\/li><\/ul><p class=\"p1\">Ces donn\u00e9es sont strictement limit\u00e9es aux besoins de traitement de la demande.<\/p>\t\t\t\t\t\t\t\t<\/div>\n\t\t\t\t<div class=\"elementor-element elementor-element-7b0c6ce elementor-widget elementor-widget-heading\" data-id=\"7b0c6ce\" data-element_type=\"widget\" data-e-type=\"widget\" data-widget_type=\"heading.default\">\n\t\t\t\t\t<h2 class=\"elementor-heading-title elementor-size-default\">3. Finalit\u00e9 du traitement<\/h2>\t\t\t\t<\/div>\n\t\t\t\t<div class=\"elementor-element elementor-element-84c1b8a elementor-widget elementor-widget-text-editor\" data-id=\"84c1b8a\" data-element_type=\"widget\" data-e-type=\"widget\" data-widget_type=\"text-editor.default\">\n\t\t\t\t\t\t\t\t\t<p>Les informations transmises via le widget de contact sont utilis\u00e9es uniquement pour :<\/p><ul><li><p>R\u00e9pondre \u00e0 la demande envoy\u00e9e par l\u2019utilisateur<\/p><\/li><li><p>Revenir vers l\u2019utilisateur si n\u00e9cessaire concernant la m\u00eame demande<\/p><\/li><\/ul><p>Aucune exploitation commerciale, aucun profilage et aucune transmission \u00e0 des tiers ne sont effectu\u00e9s.<\/p>\t\t\t\t\t\t\t\t<\/div>\n\t\t\t\t<div class=\"elementor-element elementor-element-7fa161b elementor-widget elementor-widget-heading\" data-id=\"7fa161b\" data-element_type=\"widget\" data-e-type=\"widget\" data-widget_type=\"heading.default\">\n\t\t\t\t\t<h2 class=\"elementor-heading-title elementor-size-default\">4. Base l\u00e9gale<\/h2>\t\t\t\t<\/div>\n\t\t\t\t<div class=\"elementor-element elementor-element-26a18bd elementor-widget elementor-widget-text-editor\" data-id=\"26a18bd\" data-element_type=\"widget\" data-e-type=\"widget\" data-widget_type=\"text-editor.default\">\n\t\t\t\t\t\t\t\t\t<p class=\"p1\">Le traitement repose sur l\u2019int\u00e9r\u00eat l\u00e9gitime de l\u2019entreprise \u00e0 r\u00e9pondre aux messages re\u00e7us, ou sur le consentement explicite lorsque celui-ci est n\u00e9cessaire.<\/p>\t\t\t\t\t\t\t\t<\/div>\n\t\t\t\t<div class=\"elementor-element elementor-element-a53543c elementor-widget elementor-widget-heading\" data-id=\"a53543c\" data-element_type=\"widget\" data-e-type=\"widget\" data-widget_type=\"heading.default\">\n\t\t\t\t\t<h2 class=\"elementor-heading-title elementor-size-default\">5. Dur\u00e9e de conservation<\/h2>\t\t\t\t<\/div>\n\t\t\t\t<div class=\"elementor-element elementor-element-3d77594 elementor-widget elementor-widget-text-editor\" data-id=\"3d77594\" data-element_type=\"widget\" data-e-type=\"widget\" data-widget_type=\"text-editor.default\">\n\t\t\t\t\t\t\t\t\t<p>Les donn\u00e9es envoy\u00e9es via le widget de contact sont conserv\u00e9es uniquement pour le temps n\u00e9cessaire au traitement de la demande et au suivi \u00e9ventuel. Elles peuvent \u00eatre supprim\u00e9es sur simple demande.<\/p>\t\t\t\t\t\t\t\t<\/div>\n\t\t\t\t<div class=\"elementor-element elementor-element-071df35 elementor-widget elementor-widget-heading\" data-id=\"071df35\" data-element_type=\"widget\" data-e-type=\"widget\" data-widget_type=\"heading.default\">\n\t\t\t\t\t<h2 class=\"elementor-heading-title elementor-size-default\">6. Destinataires des donn\u00e9es<\/h2>\t\t\t\t<\/div>\n\t\t\t\t<div class=\"elementor-element elementor-element-d820039 elementor-widget elementor-widget-text-editor\" data-id=\"d820039\" data-element_type=\"widget\" data-e-type=\"widget\" data-widget_type=\"text-editor.default\">\n\t\t\t\t\t\t\t\t\t<p>Les donn\u00e9es sont exclusivement destin\u00e9es au&nbsp;<span><b>Comit\u00e9 des F\u00eates de Lisieux<\/b><\/span>.<\/p><p>\n\n\n\n\n\n\n\n\n<\/p><p>Elles ne sont ni vendues, ni lou\u00e9es, ni partag\u00e9es avec des partenaires tiers.<\/p>\t\t\t\t\t\t\t\t<\/div>\n\t\t\t\t<div class=\"elementor-element elementor-element-193d546 elementor-widget elementor-widget-heading\" data-id=\"193d546\" data-element_type=\"widget\" data-e-type=\"widget\" data-widget_type=\"heading.default\">\n\t\t\t\t\t<h2 class=\"elementor-heading-title elementor-size-default\">7. s\u00e9curit\u00e9<\/h2>\t\t\t\t<\/div>\n\t\t\t\t<div class=\"elementor-element elementor-element-1b470e8 elementor-widget elementor-widget-text-editor\" data-id=\"1b470e8\" data-element_type=\"widget\" data-e-type=\"widget\" data-widget_type=\"text-editor.default\">\n\t\t\t\t\t\t\t\t\t<p>\u00a0<\/p><p class=\"p1\">L\u2019\u00e9diteur du site met en \u0153uvre les mesures techniques et organisationnelles n\u00e9cessaires pour prot\u00e9ger les donn\u00e9es contre la perte, l\u2019alt\u00e9ration ou un acc\u00e8s non autoris\u00e9.<\/p>\t\t\t\t\t\t\t\t<\/div>\n\t\t\t\t<div class=\"elementor-element elementor-element-6f74809 elementor-widget elementor-widget-heading\" data-id=\"6f74809\" data-element_type=\"widget\" data-e-type=\"widget\" data-widget_type=\"heading.default\">\n\t\t\t\t\t<h2 class=\"elementor-heading-title elementor-size-default\">8. Droits des utilisateurs<\/h2>\t\t\t\t<\/div>\n\t\t\t\t<div class=\"elementor-element elementor-element-3f3b228 elementor-widget elementor-widget-text-editor\" data-id=\"3f3b228\" data-element_type=\"widget\" data-e-type=\"widget\" data-widget_type=\"text-editor.default\">\n\t\t\t\t\t\t\t\t\t<p>Conform\u00e9ment au RGPD et \u00e0 la loi Informatique et Libert\u00e9s, chaque utilisateur dispose des droits suivants :<\/p><ul><li><p>Droit d\u2019acc\u00e8s<\/p><\/li><li><p>Droit de rectification<\/p><\/li><li><p>Droit d\u2019effacement<\/p><\/li><li><p>Droit d\u2019opposition<\/p><\/li><li><p>Droit \u00e0 la limitation du traitement<\/p><\/li><\/ul><p>Pour exercer ces droits, l\u2019utilisateur peut \u00e9crire \u00e0 : <a href=\"mailto:presidentcdflisieux@yahoo.com\">presidentcdflisieux@yahoo.com<\/a>.<\/p>\t\t\t\t\t\t\t\t<\/div>\n\t\t\t\t<div class=\"elementor-element elementor-element-d168a6d elementor-widget elementor-widget-heading\" data-id=\"d168a6d\" data-element_type=\"widget\" data-e-type=\"widget\" data-widget_type=\"heading.default\">\n\t\t\t\t\t<h2 class=\"elementor-heading-title elementor-size-default\">9. Modifications de la politique de confidentialit\u00e9<\/h2>\t\t\t\t<\/div>\n\t\t\t\t<div class=\"elementor-element elementor-element-2b1d064 elementor-widget elementor-widget-text-editor\" data-id=\"2b1d064\" data-element_type=\"widget\" data-e-type=\"widget\" data-widget_type=\"text-editor.default\">\n\t\t\t\t\t\t\t\t\t<p>La pr\u00e9sente politique de confidentialit\u00e9 peut \u00eatre mise \u00e0 jour \u00e0 tout moment.<\/p><p class=\"p1\">La date de derni\u00e8re mise \u00e0 jour figure en bas de page.<\/p>\t\t\t\t\t\t\t\t<\/div>\n\t\t\t\t<div class=\"elementor-element elementor-element-88e400a elementor-widget elementor-widget-text-editor\" data-id=\"88e400a\" data-element_type=\"widget\" data-e-type=\"widget\" data-widget_type=\"text-editor.default\">\n\t\t\t\t\t\t\t\t\t<p>Mise \u00e0 jour le 15 d\u00e9cembre 2025.<\/p>\t\t\t\t\t\t\t\t<\/div>\n\t\t\t\t\t<\/div>\n\t\t\t\t<\/div>\n\t\t\t\t<\/div>\n\t\t","protected":false},"excerpt":{"rendered":"<p>Politique de confidentialit\u00e9 1. Introduction La pr\u00e9sente politique de confidentialit\u00e9 a pour objectif d\u2019expliquer quelles donn\u00e9es sont collect\u00e9es, dans quelles conditions et pour quelles finalit\u00e9s, lors de l\u2019utilisation du site www.comitedesfetesdelisieux.fr. Le site ne d\u00e9pose aucun cookie \u00e0 des fins statistiques, commerciales ou publicitaires.Aucune technologie de suivi n\u2019est utilis\u00e9e. 2. Donn\u00e9es collect\u00e9es Le site propose un formulaire de contact permettant \u00e0 l\u2019utilisateur d\u2019envoyer un message. L\u2019utilisation de ce formulaire implique la transmission volontaire des donn\u00e9es suivantes : Nom Adresse email Message transmis \u00c9ventuelle information suppl\u00e9mentaire fournie par l\u2019utilisateur Ces donn\u00e9es sont strictement limit\u00e9es aux besoins de traitement de la demande. 3. Finalit\u00e9 du traitement Les informations transmises via le widget de contact sont utilis\u00e9es uniquement pour : R\u00e9pondre \u00e0 la demande envoy\u00e9e par l\u2019utilisateur Revenir vers l\u2019utilisateur si n\u00e9cessaire concernant la m\u00eame demande Aucune exploitation commerciale, aucun profilage et aucune transmission \u00e0 des tiers ne sont effectu\u00e9s. 4. Base l\u00e9gale Le traitement repose sur l\u2019int\u00e9r\u00eat l\u00e9gitime de l\u2019entreprise \u00e0 r\u00e9pondre aux messages re\u00e7us, ou sur le consentement explicite lorsque celui-ci est n\u00e9cessaire. 5. Dur\u00e9e de conservation Les donn\u00e9es envoy\u00e9es via le widget de contact sont conserv\u00e9es uniquement pour le temps n\u00e9cessaire au traitement de la demande et au suivi \u00e9ventuel. Elles peuvent \u00eatre supprim\u00e9es sur simple demande. 6. Destinataires des donn\u00e9es Les donn\u00e9es sont exclusivement destin\u00e9es au&nbsp;Comit\u00e9 des F\u00eates de Lisieux. Elles ne sont ni vendues, ni lou\u00e9es, ni partag\u00e9es avec des partenaires tiers. 7. s\u00e9curit\u00e9 \u00a0 L\u2019\u00e9diteur du site met en \u0153uvre les mesures techniques et organisationnelles n\u00e9cessaires pour prot\u00e9ger les donn\u00e9es contre la perte, l\u2019alt\u00e9ration ou un acc\u00e8s non autoris\u00e9. 8. Droits des utilisateurs Conform\u00e9ment au RGPD et \u00e0 la loi Informatique et Libert\u00e9s, chaque utilisateur dispose des droits suivants : Droit d\u2019acc\u00e8s Droit de rectification Droit d\u2019effacement Droit d\u2019opposition Droit \u00e0 la limitation du traitement Pour exercer ces droits, l\u2019utilisateur peut \u00e9crire \u00e0 : presidentcdflisieux@yahoo.com. 9. Modifications de la politique de confidentialit\u00e9 La pr\u00e9sente politique de confidentialit\u00e9 peut \u00eatre mise \u00e0 jour \u00e0 tout moment. La date de derni\u00e8re mise \u00e0 jour figure en bas de page. Mise \u00e0 jour le 15 d\u00e9cembre 2025.<\/p>\n","protected":false},"author":1,"featured_media":0,"parent":0,"menu_order":0,"comment_status":"closed","ping_status":"closed","template":"","meta":{"_monsterinsights_skip_tracking":false,"_monsterinsights_sitenote_active":false,"_monsterinsights_sitenote_note":"","_monsterinsights_sitenote_category":0,"footnotes":""},"class_list":["post-526","page","type-page","status-publish","hentry"],"aioseo_notices":[],"_links":{"self":[{"href":"https:\/\/comitedesfetesdelisieux.fr\/index.php\/wp-json\/wp\/v2\/pages\/526","targetHints":{"allow":["GET"]}}],"collection":[{"href":"https:\/\/comitedesfetesdelisieux.fr\/index.php\/wp-json\/wp\/v2\/pages"}],"about":[{"href":"https:\/\/comitedesfetesdelisieux.fr\/index.php\/wp-json\/wp\/v2\/types\/page"}],"author":[{"embeddable":true,"href":"https:\/\/comitedesfetesdelisieux.fr\/index.php\/wp-json\/wp\/v2\/users\/1"}],"replies":[{"embeddable":true,"href":"https:\/\/comitedesfetesdelisieux.fr\/index.php\/wp-json\/wp\/v2\/comments?post=526"}],"version-history":[{"count":6,"href":"https:\/\/comitedesfetesdelisieux.fr\/index.php\/wp-json\/wp\/v2\/pages\/526\/revisions"}],"predecessor-version":[{"id":574,"href":"https:\/\/comitedesfetesdelisieux.fr\/index.php\/wp-json\/wp\/v2\/pages\/526\/revisions\/574"}],"wp:attachment":[{"href":"https:\/\/comitedesfetesdelisieux.fr\/index.php\/wp-json\/wp\/v2\/media?parent=526"}],"curies":[{"name":"wp","href":"https:\/\/api.w.org\/{rel}","templated":true}]}}